{"id":2,"date":"2013-08-24T10:30:54","date_gmt":"2013-08-24T10:30:54","guid":{"rendered":"http:\/\/localhost\/www.padoria-music.com\/?page_id=2"},"modified":"2026-02-09T09:18:53","modified_gmt":"2026-02-09T08:18:53","slug":"home","status":"publish","type":"page","link":"https:\/\/www.padoria-music.com\/","title":{"rendered":""},"content":{"rendered":"\n<div class=\"wp-container-10 wp-block-columns\">\n<div class=\"wp-container-9 wp-block-column\" style=\"flex-basis:100%\">\n<div class=\"wp-container-8 wp-block-columns\">\n<div class=\"wp-container-1 wp-block-column\">\n<figure class=\"wp-block-image size-full is-resized\"><a href=\"https:\/\/www.youtube.com\/channel\/UC51g-L3GXZhcg2zjE8ufYow\/videos\" target=\"_blank\" rel=\"noopener\"><img loading=\"lazy\" src=\"https:\/\/www.padoria-music.com\/wp-content\/uploads\/2021\/08\/YT-1.png\" alt=\"\" class=\"wp-image-1570\" width=\"43\" height=\"43\"\/><\/a><\/figure>\n<\/div>\n\n\n\n<div class=\"wp-container-2 wp-block-column\">\n<figure class=\"wp-block-image size-full is-resized\"><a href=\"https:\/\/www.instagram.com\/padoria_official\/?hl=de\" target=\"_blank\" rel=\"noopener\"><img loading=\"lazy\" src=\"https:\/\/www.padoria-music.com\/wp-content\/uploads\/2021\/08\/insta-1.png\" alt=\"\" class=\"wp-image-1578\" width=\"43\" height=\"43\"\/><\/a><\/figure>\n<\/div>\n\n\n\n<div class=\"wp-container-3 wp-block-column\">\n<figure class=\"wp-block-image size-full is-resized\"><a href=\"https:\/\/www.facebook.com\/PADORIA-280755808639600\/\" target=\"_blank\" rel=\"noopener\"><img loading=\"lazy\" src=\"https:\/\/www.padoria-music.com\/wp-content\/uploads\/2021\/08\/fb-2.png\" alt=\"\" class=\"wp-image-1569\" width=\"43\" height=\"43\"\/><\/a><\/figure>\n<\/div>\n\n\n\n<div class=\"wp-container-4 wp-block-column\">\n<figure class=\"wp-block-image size-full is-resized\"><a href=\"https:\/\/open.spotify.com\/album\/1wt4XGniafCJLEhYiDPz1T\" target=\"_blank\" rel=\"noopener\"><img loading=\"lazy\" src=\"https:\/\/www.padoria-music.com\/wp-content\/uploads\/2021\/08\/Spoty.png\" alt=\"\" class=\"wp-image-1572\" width=\"43\" height=\"43\"\/><\/a><\/figure>\n<\/div>\n\n\n\n<div class=\"wp-container-5 wp-block-column\">\n<figure class=\"wp-block-image size-full is-resized\"><a href=\"https:\/\/www.deezer.com\/en\/album\/230585072\" target=\"_blank\" rel=\"noopener\"><img loading=\"lazy\" src=\"https:\/\/www.padoria-music.com\/wp-content\/uploads\/2021\/08\/deez.png\" alt=\"\" class=\"wp-image-1574\" width=\"43\" height=\"43\"\/><\/a><\/figure>\n<\/div>\n\n\n\n<div class=\"wp-container-6 wp-block-column\">\n<figure class=\"wp-block-image size-full is-resized\"><a href=\"https:\/\/music.youtube.com\/playlist?list=OLAK5uy_nV3gsdNnixQWiZt3-_8s2VjjODaVQJB4g\" target=\"_blank\" rel=\"noopener\"><img loading=\"lazy\" src=\"https:\/\/www.padoria-music.com\/wp-content\/uploads\/2021\/08\/ytMusic.png\" alt=\"\" class=\"wp-image-1576\" width=\"43\" height=\"43\"\/><\/a><\/figure>\n<\/div>\n\n\n\n<div class=\"wp-container-7 wp-block-column\">\n<figure class=\"wp-block-image size-full is-resized\"><a href=\"https:\/\/music.apple.com\/us\/album\/antagonist\/1567820297\" target=\"_blank\" rel=\"noopener\"><img loading=\"lazy\" src=\"https:\/\/www.padoria-music.com\/wp-content\/uploads\/2021\/08\/apple.png\" alt=\"\" class=\"wp-image-1575\" width=\"43\" height=\"43\"\/><\/a><\/figure>\n<\/div>\n<\/div>\n<\/div>\n<\/div>\n\n\n<h1 class=\"wp-block-site-title\"><a href=\"https:\/\/www.padoria-music.com\" rel=\"home\" >Home<\/a><\/h1>\n\n<div class=\"text_exposed_show\">&nbsp;<\/div>\n<table border=\"0\" width=\"660\" cellspacing=\"3\" cellpadding=\"3\">\n<tbody>\n<tr>\n<td style=\"vertical-align: top; text-align: left;\">\n<h3>News<\/h3>\n<strong>Megathon 05-06.09.2025<\/strong>\r\n<br><i>03-26-2025\r\n<\/i>\r\n<br>\r\n\nSeid gegrunzt!\n\n\n\nWart ihr schon mal an einem Bandmarathon vom Band District Wallis und dachtet euch \"Das k\u00f6nnt ich das ganze Wochenende anschauen!\"\n\n\n\nNein?.. \u00f6mmm... Egal! Ihr kriegt es trotzdem: Am 5. und 6. September l\u00e4dt der Band District zum<br>\r\n(...)\r\n<br><br><strong>ThrashPit Metal Night Vol. 2<\/strong>\r\n<br><i>02-25-2025\r\n<\/i>\r\n<br>\r\n\nThrash-P!t geht in die zweite Runde! Diesmal haben wir KLAW aus Z\u00fcrich und unsere d\u00fcstermetallischen Freunde von Nedan im Gep\u00e4ck.\n\n\n\nAchja, und nat\u00fcrlich einen Haufen neues Material zum Kopfsch\u00fctteln und Kampftanzen \n\n\n\nLange Musik und Laute Haare<br>\r\n(...)\r\n<br><br>\n<p>(<a href=\"http:\/\/www.padoria-music.com\/?page_id=7\">ganze Beitr\u00e4ge lesen<\/a>)<\/p>\n<p>&nbsp;<\/p>\n<\/td>\n<td style=\"vertical-align: top; text-align: left;\">\n<h3>Gigs<\/h3>\n<p>07.03.2026 Still Slayer, Klaw &amp; Padoria Raumstation Sternen Auggen DE<\/p>\n<p>21.03.2026 Klaw &amp; Padoria Met-Bar Lenzburg AG (CH)<\/p>\n<p>06.06.2026 KulturBand Festival Zeughaus Kultur Glis VS (CH)<\/p>\n<p>17.07.2026 Sensler Chapter St. Silvester FR (CH)<\/p>\n<p>24\/25.07.2026 Rotten Rock Fest Ulrichen VS (CH)<\/p>\n<p>&nbsp;<\/p>\n<p>&nbsp;<\/p>\n<\/td>\n<\/tr>\n<tr>\n<td style=\"text-align: left;\"><iframe loading=\"lazy\" src=\"https:\/\/www.facebook.com\/plugins\/page.php?href=https%3A%2F%2Fwww.facebook.com%2FPADORIA-280755808639600%2F%3Ffref%3Dts&amp;tabs=timeline&amp;width=340&amp;height=500&amp;small_header=false&amp;adapt_container_width=false&amp;hide_cover=false&amp;show_facepile=false&amp;appId=1118720421510639\" width=\"340\" height=\"500\" frameborder=\"0\" scrolling=\"no\"><\/iframe><\/td>\n<td style=\"vertical-align: top; text-align: left;\"><iframe loading=\"lazy\" title=\"YouTube video player\" src=\"https:\/\/www.youtube.com\/embed\/5Iu8rX5jXp0\" width=\"315\" height=\"179\" frameborder=\"0\" allowfullscreen=\"allowfullscreen\"><span data-mce-type=\"bookmark\" style=\"display: inline-block; width: 0px; overflow: hidden; line-height: 0;\" class=\"mce_SELRES_start\">\ufeff<\/span><\/iframe>\n<p>&nbsp;<\/p>\n<p>&nbsp;<\/p>\n<p>&nbsp;<\/p>\n<p>&nbsp;<\/p>\n<p>&nbsp;<\/p>\n<p>&nbsp;<\/p>\n<p>&nbsp;<\/p>\n<p>&nbsp;<\/p>\n<p>&nbsp;<\/p>\n<p>&nbsp;<\/p>\n<p>&nbsp;<\/p>\n<p>&nbsp;<\/p>\n<\/td>\n<\/tr>\n<\/tbody>\n<\/table>\n\n\n<p><\/p>\n","protected":false},"excerpt":{"rendered":"<p>&nbsp; News (ganze Beitr\u00e4ge lesen) &nbsp; Gigs 07.03.2026 Still Slayer, Klaw &amp; Padoria Raumstation Sternen Auggen DE 21.03.2026 Klaw &amp; Padoria Met-Bar Lenzburg AG (CH) 06.06.2026 KulturBand Festival Zeughaus Kultur Glis VS (CH) 17.07.2026 Sensler Chapter St. Silvester FR (CH) 24\/25.07.2026 Rotten Rock Fest Ulrichen VS (CH) &nbsp; &nbsp; \ufeff &nbsp; &nbsp; &nbsp; &nbsp; &nbsp; [&hellip;]<\/p>\n","protected":false},"author":1,"featured_media":0,"parent":0,"menu_order":1,"comment_status":"closed","ping_status":"closed","template":"","meta":{"ngg_post_thumbnail":0},"_links":{"self":[{"href":"https:\/\/www.padoria-music.com\/index.php?rest_route=\/wp\/v2\/pages\/2"}],"collection":[{"href":"https:\/\/www.padoria-music.com\/index.php?rest_route=\/wp\/v2\/pages"}],"about":[{"href":"https:\/\/www.padoria-music.com\/index.php?rest_route=\/wp\/v2\/types\/page"}],"author":[{"embeddable":true,"href":"https:\/\/www.padoria-music.com\/index.php?rest_route=\/wp\/v2\/users\/1"}],"replies":[{"embeddable":true,"href":"https:\/\/www.padoria-music.com\/index.php?rest_route=%2Fwp%2Fv2%2Fcomments&post=2"}],"version-history":[{"count":142,"href":"https:\/\/www.padoria-music.com\/index.php?rest_route=\/wp\/v2\/pages\/2\/revisions"}],"predecessor-version":[{"id":1898,"href":"https:\/\/www.padoria-music.com\/index.php?rest_route=\/wp\/v2\/pages\/2\/revisions\/1898"}],"wp:attachment":[{"href":"https:\/\/www.padoria-music.com\/index.php?rest_route=%2Fwp%2Fv2%2Fmedia&parent=2"}],"curies":[{"name":"wp","href":"https:\/\/api.w.org\/{rel}","templated":true}]}}